 4*q**2 - 3*q + 1. Let z be p(g). Let u(y) = -y**2 + y + 2. What is u(z)?
-4
Let t(u) = -u**3 - 4*u**2 + 5*u - 4. Let r be t(-5). Let w(g) = -g**3 - 4*g**2 - 2*g - 4. Let b be w(r). Let q(p) = -3*p + 5. What is q(b)?
-7
Let r(k) = 3. Let q(g) = -g + 1. Let t(p) = -2*q(p) + r(p). Determine t(-2).
-3
Let g(i) = i**2 - 3*i + 2. Let k be (-15)/6*(-8)/5*1. Give g(k).
6
Let b(u) = u**3 - 6*u**2 + 7. Let q = 15 + -9. Give b(q).
7
Let k(u) = -1. Let d(h) be the first derivative of h**2/2 - 3*h - 1. Let c(q) = d(q) - 3*k(q). Determine c(-3).
-3
Suppose 4*n + 21 = 1. Let i(b) = 8*b + 2. Let q be i(-1). Let a(j) = -j**2 + j + 2. Let y(z) = z. Let p(f) = q*y(f) + a(f). Determine p(n).
2
Let h(r) = r + 2. Suppose 5*c + 5 = 5*i, -5*c - 37 = i + 2*i. What is h(c)?
-3
Let m(a) = 4*a - 6. Let x be 2/10 - 72/(-15). Calculate m(x).
14
Let u(o) be the third derivative of o**5/60 - 7*o**4/24 + 19*o**2. Calculate u(6).
-6
Let p(a) be the first derivative of -a**3/3 + 2. Let f = 0 - 1. Let d(w) = 3*w**2 - 1. Let q be d(f). Calculate p(q).
-4
Let d(i) be the first derivative of i**3/3 + i**2/2 + 13. Calculate d(0).
0
Let s(g) = -15 + 37 - 5*g**2 + 4*g - 27 + g**3. Give s(4).
-5
Let n(m) = m**2 + 7*m + 9. Let s be n(-6). Suppose 0 = 7*z - s*z - 3*t - 4, -2*z + 5*t = 12. Let x(k) = -k**3 + 4*k**2 - 3*k + 4. Give x(z).
-8
Suppose -12*s = -8*s + 4*g + 28, 0 = -g + 4. Let n(z) = z**2 + 12*z + 16. What is n(s)?
5
Let i(l) = 4*l**2 + 3*l + 1. Suppose -5*j - 5 = -t, -6*j + 4*t + 14 = -3*j. Determine i(j).
11
Let u(d) = d**3 - 3*d**2 + d - 1. Let p(z) = -z. Let f be p(6). Let c = 8 + f. Give u(c).
-3
Let x(t) = 20*t. Let s(k) = 8*k. Let b(v) = -12*s(v) + 5*x(v). Determine b(1).
4
Let g be (-1 + -2)/((-18)/(-12)). Let j = g - 0. Let o(h) = -3*h + 2*h**2 - 3*h**2 + 2 - 4. Determine o(j).
0
Let v(l) = l**2 - 7. Let j(m) = 4*m**2 + m - 29. Let x(k) = 2*j(k) - 9*v(k). Let n(f) = -f**3 + 3*f**2 + 4*f + 4. Let p be n(4). What is x(p)?
-3
Let m(v) be the second derivative of v**3/6 + 2*v**2 + 2*v. Let u = 0 + -4. Give m(u).
0
Suppose -3*b + 6 = 3*u, 19 = 5*b + 4*u - 8*u. Let q be (1 - (b + 0))*-1. Let j(o) = -o**2 + 2*o. What is j(q)?
0
Let r(v) = -v + 2. Let w(g) = -g**2 - 16*g + 55. Let c be w(-19). Determine r(c).
4
Let q(o) = 2*o**2 - 3*o + 2. Let n = 7 - 5. Determine q(n).
4
Let x(s) = s**3 + 6*s**2 + 5*s - 4. Suppose 7 = 3*y + u, -2*u - 4 = -2*y - 3*u. Suppose 18 - y = -3*o. Determine x(o).
-4
Let h(z) = z. Let p(j) be the second derivative of 5*j**3/6 + 3*j**2/2 - j. Let y(a) = 6*h(a) - p(a). Give y(5).
2
Let q(t) be the second derivative of -t**4/12 - t**3/6 - 4*t**2 - t. What is q(0)?
-8
Let a be 0/8*1/(-2). Let g(f) be the second derivative of -1/2*f**2 + 0 + f + 1/12*f**4 + a*f**3. Calculate g(-1).
0
Let u(m) be the first derivative of 2*m**2 - m + 5. What is u(-3)?
-13
Let d(m) be the third derivative of m**5/60 + m**4/24 - 7*m**3/6 - m**2. Let j = 0 + 0. Give d(j).
-7
Let v(f) = -2*f + 8. Let a(w) = -2*w + 7. Suppose n = 3, -t + 12 - 3 = 2*n. Let g(i) = t*v(i) - 4*a(i). What is g(3)?
2
Suppose 5 + 4 = 3*d. Let c = d - 0. Let w(j) be the third derivative of j**4/24 - 2*j**3/3 + 5*j**2. Calculate w(c).
-1
Let v(d) = d**2 - 5*d. Let p be v(5). Let t(m) be the third derivative of 5*m**2 + 0 - 1/6*m**3 - 1/60*m**5 + 0*m**4 + 0*m. Calculate t(p).
-1
Let i(x) be the third derivative of x**4/8 + x**3/3 + 3*x**2. Give i(-3).
-7
Let k(f) = -f**2 - 8*f. Let h = 17 - 29. Let v be -8*(-4)/(64/h). What is k(v)?
12
Let o(f) be the first derivative of -1/4*f**4 - 2 + 3*f**2 + 4/3*f**3 - 3*f. Let n be o(5). Let x(u) = u**2 + u - 2. What is x(n)?
4
Let v(x) = x + 2. Let f be 111/9 - (-2)/3. Let r = -8 + f. Suppose 0 = -r*t + 2*h - 22, -t + h = 2 + 3. Give v(t).
-2
Let q(z) = z**3 - 6*z**2 - 10*z + 9. Suppose -9*c + 5*c + 3*d = -34, 0 = c + d - 5. What is q(c)?
-12
Let f(x) = -x**3 + x**2 - x + 2. Let z be f(0). Let y(l) = 2 - l + l + 0*l**2 - 2*l + l**z. What is y(2)?
2
Let y = 6 - 9. Let k = y + 2. Let p(i) = 4*i**3 - i - 1. What is p(k)?
-4
Let m = 4 + -7. Let y(j) = -2*j**2 + 5*j + 2. Let b(c) = 5*c**2 - 15*c - 5. Let t(g) = -3*b(g) - 8*y(g). Calculate t(m).
-7
Let v = -1 - 5. Let h(j) = j**3 + 5*j**2 - 8*j - 6. What is h(v)?
6
Let j(k) be the second derivative of k**5/20 + k**4/12 + k**3/3 + 3*k**2/2 + 3*k. Let s be j(-2). Let q(u) = u - 6. Determine q(s).
-11
Suppose -3*p + 5*f - 16 = 0, 2*f = p + 6*f - 23. Suppose -p = o - 1. Let m(x) = -5*x. Give m(o).
10
Suppose -4 = -4*f - 4*w, 2*f = -2*f - 2*w + 12. Let z(c) = c**3 - 4*c**2 - 6*c + 7. What is z(f)?
2
Let y(n) = -n**3 + 3*n - 1. Suppose 25 = -5*t + z + z, -z = -5*t - 20. Give y(t).
17
Let q(t) = 12*t**3 - 2*t + 1. Let m = 0 - -1. Let d be q(m). Suppose 4*n + 5 = 3*c - 20, -2*n + c = d. Let b(z) = z + 8. Calculate b(n).
4
Let g = -7 - -2. Let t(q) be the second derivative of -q**6/360 - q**5/20 - 7*q**4/24 + q**3/2 - 3*q. Let s(k) be the second derivative of t(k). Determine s(g).
-2
Suppose 3*m - 8 = b - 1, -5 = -m + 3*b. Suppose 0 = -4*x + 1 + 11. Let y(i) = -7*i**2 - 3*i - 4 - m + x*i**2 + i**3. What is y(5)?
4
Let z(n) be the first derivative of -n**4/4 + 4*n**3/3 + 5*n**2/2 - 1. Suppose -2*t = -2 - 4. Suppose t*f - 20 = -f. Give z(f).
0
Let o(v) = -v**3 - 8*v**2 - 6*v + 9. Let t be o(-7). Let z(r) = 3*r**3 + 4*r**2 - 2*r**3 - 2*r**2 - 4*r**t. Determine z(3).
9
Let v(c) = -c**3 - 2*c**2 + c - 3. Let k be v(-3). Let m(b) = 14*b + 0 - 11*b + 0. Give m(k).
9
Let m(r) = -2*r - 5. Let a = -14 - -10. Let v = -9 - a. Calculate m(v).
5
Let s(u) = 8*u - 14*u + 9*u. What is s(2)?
6
Let a be (4/(-3))/((-2)/9). Let j = a - 8. Let k(m) = m**3 + 2*m**2 + m + 1. Give k(j).
-1
Let g(z) = -z**3 - 3*z**2 + 1. Let b(k) = -k**3 + 7*k**2 - 7*k + 8. Let m be b(6). Let d be m/(4/3)*-2. Give g(d).
1
Let j(y) = 2*y + 4. Let m be (-3)/(-1) - (-4 + 4). Let w be (4/m)/((-4)/12). Give j(w).
-4
Let v(d) = 13*d**3 - d**2 + 14*d - 23. Suppose m + 18 = 4*m. Let b(y) = 7*y**3 + 7*y - 12. Let u(q) = m*v(q) - 11*b(q). Give u(5).
4
Let y(g) = -g**3 + 3*g**2 - 2*g. Let t be y(2). Let x(c) = 0 - 2 - 3 + c. Give x(t).
-5
Let l(k) = k**3 + 5*k. Let s(f) = -f**3 - 6*f - 1. Let n(u) = 5*l(u) + 4*s(u). Give n(0).
-4
Let h(o) = o**2 - 1. Let g(q) = -q**3 - 2*q**2 - q - 2. Let j(w) = g(w) + 3*h(w). Let b = -1 + 1. Let l = b - 0. What is j(l)?
-5
Let k(p) = -p - 5. Let y be k(-6). Let s(q) = y - 5*q + 2*q**2 + 3 + 0*q. Give s(3).
7
Let v(f) = -4 + 3*f + 8 + f**3 + 5*f**2 - 6*f. Let u be v(-5). Suppose 4*t - u = -3. Let o(l) = l**3 - 3*l**2 - 6*l + 6. Determine o(t).
-2
Let d be 2 + 1 - 0/(-3). Let t(g) = g**2 - 2*g. Determine t(d).
3
Let r(a) be the third derivative of a**5/60 + a**4/4 + a**3/6 + 34*a**2. Give r(-5).
-4
Let v be (0 - 6)*2/(-3). Suppose -6*d = -v*d - 4. Let h(g) = -4*g + 3. Determine h(d).
-5
Let p(x) = 4 - 3 + x + 1 - 2*x. Let u be p(0). Let z(j) = -j**3 - 5*j + 5*j**u - j - 2 + j**2 + j. Give z(5).
-2
Let y(b) be the first derivative of 2 - 4/3*b**3 - 2*b - b**2 - 1/4*b**4. Calculate y(-4).
6
Let f be 4*(-1)/(-2) + 0. Suppose 3*h + f*h = 10. Suppose -h*v = -0 - 2. Let t(b) = 4*b**3 + 2*b**2 - 1. What is t(v)?
5
Let v(x) = -2*x + 10. Let j(f) = -f + 9. Let l(c) = -3*j(c) + 2*v(c). Calculate l(-4).
-3
Suppose -2*l - 28 + 4 = 0. Let o be 1 + 8 + l/4. Let g(m) = m**2 - 6*m + 7. What is g(o)?
7
Let t(x) = -8*x + 8. Let i(z) = -4*z - 5 - 2 + 12*z - 2. Let l(p) = 5*i(p) + 6*t(p). Calculate l(2).
-13
Let x(a) be the second derivative of -a**3/6 - 4*a + 8. Let i be 4/18 + (-43)/(-9). Give x(i).
-5
Let n(x) = x**3 - 9*x**2 + 7*x - 8. Let b(o) = -o**3 - 16*o**2 + 19*o + 42. Let v be b(-17). Give n(v).
-16
Let z(g) = g**2 + 8*g + 7. Let p = 143 + -148. Give z(p).
-8
Let x(a) = -a**3 + 3*a**2 - a - 3. Let j(h) = h**2 + 7*h - 5. Let r be j(-8). Suppose 22 = 5*w + 2. Suppose -w*p + r = -9. Give x(p).
-6
Let l(j) = 17*j**3 - 21*j**2 + 17*j - 8. Let s(b) = 4*b**3 - 5*b**2 + 4*b - 2. Suppose -3*a + 1 = -5. Let g(q) = a*l(q) - 9*s(q). What is g(2)?
-6
Suppose 2*l = -0 + 4. Let u(a) be the second derivative of 7/2*a**2 - 1/20*a**5 + 0*a**4 + 0*a**3 + l*a + 0. What is u(0)?
7
Let f(q) = -q**3 + 2*q**2 + 4*q + 1. Suppose -1 + 22 = 7*l. Calculate f(l).
4
Let o(f) = -f - 10. Let m = 90 + -95. Determine o(m).
-5
Let c(t) = -3*t + 3. Let v(i) = 2*i - 2. Let l(w) = 5*c(w) + 7*v